{"id":1053,"date":"2015-06-18T12:11:29","date_gmt":"2015-06-18T11:11:29","guid":{"rendered":"http:\/\/dupainpourchaqueenfant.org\/?page_id=1053"},"modified":"2021-03-24T07:44:10","modified_gmt":"2021-03-24T07:44:10","slug":"exposition-pour-la-paix-2015","status":"publish","type":"page","link":"http:\/\/dupainpourchaqueenfant.org\/?page_id=1053","title":{"rendered":"Exposition pour la Paix"},"content":{"rendered":"<p>L&#8217;association Du Pain Pour Chaque Enfant, accr\u00e9dit\u00e9e aupr\u00e8s des Nations Unies, a organis\u00e9 l\u2019exposition &#8220;Paroles tiss\u00e9es&#8221; de l&#8217;artiste Hamsi promu Officier de l&#8217;Ordre de la Couronne en Belgique en 2009 et cela pour l\u2019ensemble de son travail artistique et humanitaire.<\/p>\n<p>L&#8217;objectif vis\u00e9 par cette exposition unique est de promouvoir les th\u00e8mes de la paix et de la tol\u00e9rance car les motifs utilis\u00e9s dans l\u2019ornement des banni\u00e8res symbolisent la fraternit\u00e9 et la solidarit\u00e9.<\/p>\n<p>L\u2019exposition \u00ab Paroles tiss\u00e9es \u00bb est plac\u00e9e sous le haut patronage de l\u2019Ambassade du Royaume de Belgique au Grand-Duch\u00e9 de Luxembourg.<\/p>\n<p>&nbsp;<a href=\"http:\/\/dupainpourchaqueenfant.org\/wp-content\/uploads\/Lhorloge-des-saisons.jpg\"><img decoding=\"async\" loading=\"lazy\" class=\"alignleft size-thumbnail wp-image-1016\" src=\"http:\/\/dupainpourchaqueenfant.org\/wp-content\/uploads\/Lhorloge-des-saisons-35x150.jpg\" alt=\"L'horloge des saisons\" width=\"35\" height=\"150\" srcset=\"http:\/\/dupainpourchaqueenfant.org\/wp-content\/uploads\/Lhorloge-des-saisons-35x150.jpg 35w, http:\/\/dupainpourchaqueenfant.org\/wp-content\/uploads\/Lhorloge-des-saisons-70x300.jpg 70w, http:\/\/dupainpourchaqueenfant.org\/wp-content\/uploads\/Lhorloge-des-saisons-240x1024.jpg 240w, http:\/\/dupainpourchaqueenfant.org\/wp-content\/uploads\/Lhorloge-des-saisons.jpg 963w\" sizes=\"(max-width: 35px) 100vw, 35px\" \/><\/a><a href=\"http:\/\/dupainpourchaqueenfant.org\/wp-content\/uploads\/P1010469.jpg\"><img decoding=\"async\" loading=\"lazy\" class=\"alignleft wp-image-1056\" src=\"http:\/\/dupainpourchaqueenfant.org\/wp-content\/uploads\/P1010469-150x113.jpg\" alt=\"P1010469\" width=\"136\" height=\"102\" srcset=\"http:\/\/dupainpourchaqueenfant.org\/wp-content\/uploads\/P1010469-150x113.jpg 150w, http:\/\/dupainpourchaqueenfant.org\/wp-content\/uploads\/P1010469-300x225.jpg 300w, http:\/\/dupainpourchaqueenfant.org\/wp-content\/uploads\/P1010469-1024x768.jpg 1024w\" sizes=\"(max-width: 136px) 100vw, 136px\" \/><\/a><\/p>\n","protected":false},"excerpt":{"rendered":"<p>L&#8217;association Du Pain Pour Chaque Enfant, accr\u00e9dit\u00e9e aupr\u00e8s des Nations Unies, a organis\u00e9 l\u2019exposition &#8220;Paroles tiss\u00e9es&#8221; de l&#8217;artiste Hamsi promu Officier de l&#8217;Ordre de la Couronne en Belgique en 2009 et cela pour l\u2019ensemble de son travail artistique et humanitaire. L&#8217;objectif vis\u00e9 par cette exposition unique est de promouvoir les th\u00e8mes de la paix et [&hellip;]<\/p>\n","protected":false},"author":1,"featured_media":0,"parent":1134,"menu_order":2,"comment_status":"closed","ping_status":"closed","template":"","meta":[],"_links":{"self":[{"href":"http:\/\/dupainpourchaqueenfant.org\/index.php?rest_route=\/wp\/v2\/pages\/1053"}],"collection":[{"href":"http:\/\/dupainpourchaqueenfant.org\/index.php?rest_route=\/wp\/v2\/pages"}],"about":[{"href":"http:\/\/dupainpourchaqueenfant.org\/index.php?rest_route=\/wp\/v2\/types\/page"}],"author":[{"embeddable":true,"href":"http:\/\/dupainpourchaqueenfant.org\/index.php?rest_route=\/wp\/v2\/users\/1"}],"replies":[{"embeddable":true,"href":"http:\/\/dupainpourchaqueenfant.org\/index.php?rest_route=%2Fwp%2Fv2%2Fcomments&post=1053"}],"version-history":[{"count":6,"href":"http:\/\/dupainpourchaqueenfant.org\/index.php?rest_route=\/wp\/v2\/pages\/1053\/revisions"}],"predecessor-version":[{"id":1395,"href":"http:\/\/dupainpourchaqueenfant.org\/index.php?rest_route=\/wp\/v2\/pages\/1053\/revisions\/1395"}],"up":[{"embeddable":true,"href":"http:\/\/dupainpourchaqueenfant.org\/index.php?rest_route=\/wp\/v2\/pages\/1134"}],"wp:attachment":[{"href":"http:\/\/dupainpourchaqueenfant.org\/index.php?rest_route=%2Fwp%2Fv2%2Fmedia&parent=1053"}],"curies":[{"name":"wp","href":"https:\/\/api.w.org\/{rel}","templated":true}]}}

<p>L&#8217;association Du Pain Pour Chaque Enfant, accréditée auprès des Nations Unies, a organisé l’exposition &#8220;Paroles tissées&#8221; de l&#8217;artiste Hamsi promu Officier de l&#8217;Ordre de la Couronne en Belgique en 2009 et cela pour l’ensemble de son travail artistique et humanitaire.</p>
<p>L&#8217;objectif visé par cette exposition unique est de promouvoir les thèmes de la paix et de la tolérance car les motifs utilisés dans l’ornement des bannières symbolisent la fraternité et la solidarité.</p>
<p>L’exposition « Paroles tissées » est placée sous le haut patronage de l’Ambassade du Royaume de Belgique au Grand-Duché de Luxembourg.</p>
<p>&nbsp;<a href="http://dupainpourchaqueenfant.org/wp-content/uploads/Lhorloge-des-saisons.jpg"><img decoding="async" loading="lazy" class="alignleft size-thumbnail wp-image-1016" src="http://dupainpourchaqueenfant.org/wp-content/uploads/Lhorloge-des-saisons-35x150.jpg" alt="L'horloge des saisons" width="35" height="150" srcset="http://dupainpourchaqueenfant.org/wp-content/uploads/Lhorloge-des-saisons-35x150.jpg 35w, http://dupainpourchaqueenfant.org/wp-content/uploads/Lhorloge-des-saisons-70x300.jpg 70w, http://dupainpourchaqueenfant.org/wp-content/uploads/Lhorloge-des-saisons-240x1024.jpg 240w, http://dupainpourchaqueenfant.org/wp-content/uploads/Lhorloge-des-saisons.jpg 963w" sizes="(max-width: 35px) 100vw, 35px" /></a><a href="http://dupainpourchaqueenfant.org/wp-content/uploads/P1010469.jpg"><img decoding="async" loading="lazy" class="alignleft wp-image-1056" src="http://dupainpourchaqueenfant.org/wp-content/uploads/P1010469-150x113.jpg" alt="P1010469" width="136" height="102" srcset="http://dupainpourchaqueenfant.org/wp-content/uploads/P1010469-150x113.jpg 150w, http://dupainpourchaqueenfant.org/wp-content/uploads/P1010469-300x225.jpg 300w, http://dupainpourchaqueenfant.org/wp-content/uploads/P1010469-1024x768.jpg 1024w" sizes="(max-width: 136px) 100vw, 136px" /></a></p>

<p>L&#8217;association Du Pain Pour Chaque Enfant, accréditée auprès des Nations Unies, a organisé l’exposition &#8220;Paroles tissées&#8221; de l&#8217;artiste Hamsi promu Officier de l&#8217;Ordre de la Couronne en Belgique en 2009 et cela pour l’ensemble de son travail artistique et humanitaire. L&#8217;objectif visé par cette exposition unique est de promouvoir les thèmes de la paix et [&hellip;]</p>
